mmon factor of 180 and 4779540?
180
What is the highest common factor of 1228673 and 38?
19
Calculate the highest common factor of 296472 and 396.
132
Calculate the highest common factor of 51686 and 602.
86
What is the highest common divisor of 6872 and 8?
8
Calculate the greatest common factor of 817 and 38741.
19
What is the highest common divisor of 14739 and 1275?
51
Calculate the highest common factor of 41840 and 74266.
1046
What is the greatest common divisor of 870 and 11039430?
870
Calculate the highest common factor of 34 and 133382.
34
What is the highest common factor of 18938 and 34?
34
What is the highest common factor of 88777 and 13?
13
What is the greatest common divisor of 13795 and 2136?
89
What is the greatest common divisor of 2967 and 2064?
129
Calculate the highest common factor of 1062 and 219126.
354
Calculate the highest common factor of 1915408 and 112.
16
What is the greatest common factor of 373602 and 49112?
1754
What is the highest common divisor of 1740 and 281445?
435
Calculate the greatest common divisor of 4770 and 8550.
90
What is the highest common factor of 3408 and 115375?
71
What is the greatest common factor of 23 and 480608?
23
What is the highest common divisor of 2331 and 177597?
63
What is the greatest common divisor of 1476 and 72?
36
Calculate the greatest common factor of 114 and 3264086.
38
Calculate the greatest common factor of 798 and 20615.
133
Calculate the greatest common factor of 1044 and 188442.
522
What is the highest common divisor of 108 and 1520?
4
What is the highest common divisor of 17964804 and 116?
116
What is the highest common factor of 778470 and 210?
210
What is the greatest common divisor of 48960 and 900?
180
What is the greatest common factor of 473 and 748?
11
Calculate the highest common divisor of 28 and 4606028.
28
What is the greatest common divisor of 803 and 57618?
11
What is the greatest common factor of 5614 and 2674?
14
What is the greatest common divisor of 351 and 24663?
3
Calculate the highest common divisor of 8122 and 20584.
62
Calculate the greatest common factor of 384391 and 2492.
623
What is the highest common divisor of 4117 and 14099?
23
Calculate the greatest common factor of 76964 and 813.
271
What is the greatest common divisor of 17 and 4073?
1
Calculate the highest common divisor of 2333270 and 10.
10
What is the highest common divisor of 5164940 and 85?
85
Calculate the highest common factor of 465 and 8985.
15
Calculate the greatest common factor of 25412 and 64.
4
Calculate the greatest common divisor of 1235 and 26923.
247
Calculate the greatest common divisor of 6107 and 1970.
197
Calculate the highest common divisor of 38556 and 1620.
324
What is the greatest common factor of 429 and 11352?
33
What is the greatest common divisor of 514 and 410429?
257
Calculate the highest common divisor of 440 and 141988.
44
Calculate the greatest common factor of 676 and 26624.
52
Calculate the greatest common divisor of 366 and 244.
122
Calculate the highest common factor of 2882 and 242.
22
What is the highest common factor of 40 and 8045?
5
What is the highest common factor of 48 and 34888?
8
Calculate the greatest common factor of 8514 and 198.
198
Calculate the greatest common divisor of 14 and 399798.
14
What is the greatest common divisor of 21725 and 3555?
395
Calculate the greatest common divisor of 2984 and 4173124.
1492
What is the highest common divisor of 41199 and 899?
31
What is the highest common factor of 49 and 1685208?
49
What is the highest common factor of 3912 and 1068954?
978
Calculate the highest common divisor of 2086086 and 95.
19
What is the greatest common divisor of 5472115 and 110?
55
What is the highest common factor of 20 and 947780?
20
What is the highest common factor of 1540440 and 2970?
990
Calculate the greatest common divisor of 727 and 6.
1
Calculate the highest common divisor of 5454 and 75750.
606
Calculate the highest common factor of 177649 and 649.
59
What is the greatest common factor of 115200 and 16290?
90
Calculate the highest common factor of 95951 and 458.
229
What is the greatest common factor of 224276 and 3952?
988
Calculate the greatest common factor of 12328 and 414.
46
Calculate the greatest common divisor of 3237752 and 17.
17
Calculate the highest common factor of 333 and 156.
3
What is the highest common factor of 221 and 6103?
17
Calculate the greatest common factor of 58097 and 2665.
533
What is the highest common factor of 252 and 43488?
36
What is the greatest common divisor of 7074 and 2322?
54
Calculate the greatest common divisor of 12330 and 590.
10
What is the highest common factor of 3929130 and 447?
447
Calculate the highest common divisor of 105 and 123130.
35
What is the greatest common divisor of 20262762 and 117?
117
Calculate the greatest common factor of 54 and 42093.
27
What is the greatest common factor of 90 and 135630?
90
Calculate the greatest common factor of 704130 and 1916.
958
What is the highest common divisor of 381 and 76327?
127
What is the greatest common divisor of 964 and 1686518?
482
What is the greatest common factor of 16849 and 12992?
203
What is the greatest common divisor of 1142 and 38?
2
What is the highest common divisor of 80 and 129520?
80
What is the greatest common factor of 2050 and 276914?
82
Calculate the greatest common factor of 435 and 69948.
87
What is the highest common factor of 45372 and 4104?
228
What is the highest common divisor of 2593695 and 10?
5
What is the highest common divisor of 208126 and 57?
19
Calculate the highest common divisor of 2553718 and 62.
62
What is the greatest common factor of 7740 and 301?
43
What is the greatest common factor of 21 and 538293?
21
Calculate the highest common factor of 64 and 96808.
8
Calculate the greatest common factor of 312 and 15418.
26
What is the greatest common divisor of 5063 and 5810?
83
Calculate the greatest common divisor of 856 and 17762.
214
What is the greatest common divisor of 1746 and 2286?
18
Calculate the highest common factor of 36 and 40412.
4
Calculate the greatest common divisor of 11562 and 4794.
282
What is the greatest common divisor of 1416096 and 540?
108
What is the highest common factor of 553 and 48032?
79
Calculate the highest common factor of 195 and 7865.
65
What is the greatest common factor of 3234 and 28446?
66
Calculate the highest common divisor of 36 and 4716.
36
Calculate the greatest common divisor of 47878 and 2183.
37
What is the highest common divisor of 80 and 666160?
80
Calculate the highest common divisor of 32300 and 94945.
85
Calculate the highest common factor of 54 and 54186.
6
What is the greatest common divisor of 458 and 82669?
229
Calculate the highest common factor of 171143 and 23.
23
What is the greatest common factor of 18432 and 684?
36
What is the greatest common factor of 30 and 7890690?
30
Calculate the highest common divisor of 25155 and 375.
15
Calculate the greatest common divisor of 1356 and 816.
12
What is the greatest common factor of 32748 and 156?
12
Calculate the greatest common divisor of 3435 and 19725.
15
What is the highest common divisor of 369 and 17794?
41
What is the greatest common factor of 9095 and 626485?
535
What is the highest common divisor of 30479 and 319?
29
Calculate the greatest common factor of 305443 and 1837.
167
What is the greatest common divisor of 3540 and 7620?
60
What is the highest common divisor of 23004 and 30618?
162
What is the highest common divisor of 3212 and 64900?
44
Calculate the greatest common divisor of 12463 and 121.
121
Calculate the greatest common factor of 680 and 6200.
40
Calculate the highest common factor of 40170 and 1794.
78
What is the greatest common factor of 192 and 1884?
12
What is the highest common factor of 2080 and 5144256?
416
Calculate the greatest common divisor of 92 and 505931.
23
Calculate the highest common factor of 225 and 18360.
45
What is the highest common divisor of 1882597 and 511?
73
Calculate the greatest common factor of 154 and 6237.
77
What is the highest common factor of 917959 and 355?
71
Calculate the greatest common divisor of 45783 and 126.
9
What is the greatest common factor of 3222058 and 266?
266
Calculate the greatest common fact